is the tens digit of 2567175502?
0
What is the thousands digit of 53029625?
9
What is the thousands digit of 618617676?
7
What is the thousands digit of 1038022?
8
What is the millions digit of 4050040142?
0
What is the hundred millions digit of 308994546?
3
What is the ten millions digit of 5814590748?
1
What is the thousands digit of 2596151781?
1
What is the units digit of 1213501704?
4
What is the millions digit of 20931915?
0
What is the units digit of 214409471?
1
What is the units digit of 3212884?
4
What is the billions digit of 1505458146?
1
What is the tens digit of 630855749?
4
What is the thousands digit of 56708518?
8
What is the millions digit of 312397561?
2
What is the units digit of 4318880177?
7
What is the ten thousands digit of 1048824848?
2
What is the millions digit of 161316606?
1
What is the billions digit of 4485891925?
4
What is the hundred thousands digit of 115649665?
6
What is the millions digit of 2449717730?
9
What is the millions digit of 806040079?
6
What is the ten thousands digit of 840471279?
7
What is the ten millions digit of 106685481?
0
What is the tens digit of 30112109?
0
What is the thousands digit of 129089157?
9
What is the thousands digit of 14544184?
4
What is the tens digit of 8956747?
4
What is the hundreds digit of 185446437?
4
What is the hundreds digit of 34904473?
4
What is the hundred thousands digit of 63701686?
7
What is the hundreds digit of 52923923?
9
What is the ten millions digit of 412678962?
1
What is the tens digit of 45250006?
0
What is the hundred millions digit of 571085649?
5
What is the ten millions digit of 87174513?
8
What is the ten thousands digit of 64618610?
1
What is the ten thousands digit of 29197175?
9
What is the hundreds digit of 82604783?
7
What is the ten millions digit of 1295273211?
9
What is the hundred thousands digit of 1430277572?
2
What is the units digit of 1094125404?
4
What is the hundreds digit of 572514526?
5
What is the units digit of 1862394161?
1
What is the hundred thousands digit of 349314598?
3
What is the ten thousands digit of 207746779?
4
What is the hundred millions digit of 626949227?
6
What is the ten millions digit of 234370681?
3
What is the millions digit of 8133686?
8
What is the hundred thousands digit of 3367442076?
4
What is the hundreds digit of 262247525?
5
What is the units digit of 4297532?
2
What is the billions digit of 1314800124?
1
What is the ten thousands digit of 107290430?
9
What is the thousands digit of 25107501?
7
What is the ten thousands digit of 1227297080?
9
What is the ten thousands digit of 403735893?
3
What is the millions digit of 30102362?
0
What is the hundred millions digit of 728164716?
7
What is the hundred millions digit of 140610415?
1
What is the hundreds digit of 451802618?
6
What is the hundred millions digit of 695161356?
6
What is the thousands digit of 1282771357?
1
What is the units digit of 1414247460?
0
What is the ten thousands digit of 79953872?
5
What is the units digit of 29676781?
1
What is the ten thousands digit of 310964086?
6
What is the thousands digit of 71554478?
4
What is the millions digit of 846600353?
6
What is the units digit of 281195661?
1
What is the hundreds digit of 489505897?
8
What is the ten thousands digit of 109531965?
3
What is the units digit of 193901446?
6
What is the hundred thousands digit of 167687621?
6
What is the hundred thousands digit of 34427948?
4
What is the hundreds digit of 84492127?
1
What is the thousands digit of 400756520?
6
What is the ten thousands digit of 64548632?
4
What is the units digit of 449647344?
4
What is the tens digit of 439345594?
9
What is the thousands digit of 383995654?
5
What is the millions digit of 165060824?
5
What is the millions digit of 62729734?
2
What is the ten thousands digit of 235697157?
9
What is the hundred millions digit of 825088315?
8
What is the ten millions digit of 4489676078?
8
What is the tens digit of 147648077?
7
What is the hundreds digit of 4279493822?
8
What is the ten millions digit of 59466917?
5
What is the units digit of 1204624315?
5
What is the tens digit of 1805477683?
8
What is the millions digit of 58794285?
8
What is the hundred millions digit of 231326714?
2
What is the tens digit of 2173966527?
2
What is the hundreds digit of 717424096?
0
What is the thousands digit of 138637379?
7
What is the millions digit of 60248271?
0
What is the ten thousands digit of 52261561?
6
What is the hundred thousands digit of 887045574?
0
What is the tens digit of 652662012?
1
What is the units digit of 3919414932?
2
What is the millions digit of 77191844?
7
What is the millions digit of 1296683067?
6
What is the ten millions digit of 6727272319?
2
What is the hundred thousands digit of 252812392?
8
What is the thousands digit of 224011133?
1
What is the hundred millions digit of 892975795?
8
What is the tens digit of 3537740653?
5
What is the hundred thousands digit of 19039315?
0
What is the hundreds digit of 200798821?
8
What is the units digit of 188098786?
6
What is the units digit of 139031352?
2
What is the hundreds digit of 1423159672?
6
What is the hundred millions digit of 5651153579?
6
What is the ten millions digit of 17340880?
1
What is the millions digit of 859036506?
9
What is the hundred thousands digit of 2736304826?
3
What is the tens digit of 82165519?
1
What is the millions digit of 37630281?
7
What is the millions digit of 23448027?
3
What is the thousands digit of 295631330?
1
What is the hundreds digit of 221975813?
8
What is the ten millions digit of 286932038?
8
What is the ten thousands digit of 197456455?
5
What is the hundred millions digit of 198868052?
1
What is the ten thousands digit of 52452276?
5
What is the tens digit of 956505030?
3
What is the thousands digit of 259112667?
2
What is the ten thousands digit of 5674251246?
5
What is the ten thousands digit of 57303864?
0
What is the ten thousands digit of 3347234954?
3
What is the hundred thousands digit of 59051091?
0
What is the hundreds digit of 379716701?
7
What is the billions digit of 2211541273?
2
What is the units digit of 760812679?
9
What is the hundred thousands digit of 122906412?
9
What is the units digit of 45054198?
8
What is the hundred thousands digit of 36279541?
2
What is the units digit of 848462817?
7
What is the units digit of 73670039?
9
What is the hundred thousands digit of 1064753608?
7
What is the thousands digit of 418070124?
0
What is the hundred thousands digit of 758504672?
5
What is the hundreds digit of 75132049?
0
What is the ten millions digit of 2683578163?
8
What is the units digit of 61249528?
8
What is the hundred thousands digit of 90929881?
9
What is the hundred millions digit of 1535856014?
5
What is the thousands digit of 2359674747?
4
What is the thousands digit of 3932930630?
0
What is the units digit of 69755262?
2
What is the hundreds digit of 105504800?
8
What is the thousands digit of 715619798?
9
What is the ten thousands digit of 626210477?
1
What is the units digit of 5063586685?
5
What is the tens digit of 505263637?
3
What is the units digit of 584504142?
2
What is the thousands digit of 4717332?
7
What is the ten millions digit of 11772383?
1
What is the thousands digit of 75445620?
5
What is the tens digit of 28178784?
8
What is the hundreds digit of 94353255?
2
What is the ten millions digit of 485425046?
8
What is the units digit of 695344205?
5
What is the ten millions digit of 880997437?
8
What is the ten thousands digit of 1860281230?
8
What is the millions digit of 1537043064?
7
What is the tens digit of 4294385230?
3
What is the ten millions digit of 166785280?
6
What is the ten thousands digit of 69880863?
8
What is the thousands digit of 3093301768?
1
What is the millions digit of 549058914?
9
What is the ten millions digit of 2558810008?
5
What is the tens digit of 185235938?
3
What is the tens digit of 95407889?
8
What is the hundred thousands digit of 474952883?
9
What is the ten thousands digit of 2998239862?
3
What is the ten millions digit of 217661695?
1
What is the thousands digit of 443206231?
6
What is the millions digit of 301986475?
1
What is the tens digit of 1534433874?
7
What is the ten millions digit of 503257309?
0
What is the hundreds 